composite number?
True
Is 5669 composite?
False
Is 467417 prime?
True
Is 245611 composite?
True
Is 93553 composite?
False
Is 46581 composite?
True
Is 16811 a composite number?
False
Is 3982157 composite?
False
Is 125527 prime?
True
Is 7993 composite?
False
Is 31531 prime?
True
Is 19029 a composite number?
True
Is 51154 composite?
True
Is 2149 a composite number?
True
Is 94729 a composite number?
True
Is 207619 a composite number?
False
Is 49299 prime?
False
Is 1973 prime?
True
Is 53267 composite?
False
Is 109253 composite?
False
Is 45142 composite?
True
Is 1956505 prime?
False
Is 32699 a composite number?
True
Is 1119241 composite?
False
Is 354209 a prime number?
True
Is 17677 a composite number?
True
Is 265817 a prime number?
False
Is 36353 prime?
True
Is 135295 a composite number?
True
Is 422321 composite?
False
Is 500777 prime?
True
Is 97301 a composite number?
False
Is 129905 composite?
True
Is 110311 a composite number?
False
Is 159883 a prime number?
False
Is 33593 prime?
False
Is 110177 composite?
True
Is 9233 prime?
False
Is 136757 a composite number?
True
Is 20035 a composite number?
True
Is 62993 composite?
True
Is 55201 prime?
True
Is 24197 composite?
False
Is 29033 composite?
False
Is 719 a prime number?
True
Is 1777 a composite number?
False
Is 1565549 a prime number?
True
Is 49409 a prime number?
True
Is 16183 a prime number?
True
Is 158174 a prime number?
False
Is 860239 composite?
False
Is 416201 composite?
False
Is 14071 prime?
True
Is 3255367 prime?
True
Is 35797 a prime number?
True
Is 989297 a prime number?
False
Is 29327 a prime number?
True
Is 15353 composite?
True
Is 10081 a prime number?
False
Is 275803 a prime number?
False
Is 30497 prime?
True
Is 282797 composite?
False
Is 271207 a composite number?
True
Is 208417 prime?
False
Is 1042391 a composite number?
True
Is 260439 prime?
False
Is 1361 composite?
False
Is 8147 a prime number?
True
Is 166213 composite?
True
Is 541 prime?
True
Is 2433 a prime number?
False
Is 1284659 a composite number?
False
Is 16183 prime?
True
Is 50795 composite?
True
Is 8083 prime?
False
Is 83041 prime?
False
Is 19207 composite?
False
Is 58601 composite?
False
Is 481193 a prime number?
False
Is 54517 a prime number?
True
Is 229529 a prime number?
True
Is 1591217 prime?
False
Is 13367 a composite number?
False
Is 282559 a prime number?
True
Is 583941 prime?
False
Is 16823 a prime number?
True
Is 11597 prime?
True
Is 212497 prime?
False
Is 187589 a prime number?
False
Is 52493 composite?
True
Is 368689 a prime number?
True
Is 206009 composite?
False
Is 8849 a composite number?
False
Is 191585 a composite number?
True
Is 67101 prime?
False
Is 205609 composite?
True
Is 35177 prime?
False
Is 401123 a composite number?
True
Is 369859 a composite number?
True
Is 146581 composite?
False
Is 10033 composite?
True
Is 5953 prime?
True
Is 22615 a prime number?
False
Is 137257 a prime number?
False
Is 44519 composite?
False
Is 449747 prime?
False
Is 11563 composite?
True
Is 29983 a prime number?
True
Is 5219 prime?
False
Is 177607 prime?
False
Is 4943 a prime number?
True
Is 33545 prime?
False
Is 11626 composite?
True
Is 18185 prime?
False
Is 112639 prime?
False
Is 95143 composite?
False
Is 3247 a prime number?
False
Is 1177207 a prime number?
True
Is 4571 prime?
False
Is 869591 composite?
True
Is 67343 prime?
True
Is 36587 a composite number?
False
Is 70481 prime?
True
Is 9601 composite?
False
Is 24331 composite?
True
Is 1132649 a prime number?
False
Is 7993 composite?
False
Is 271483 a prime number?
True
Is 9337 prime?
True
Is 1041155 prime?
False
Is 525101 composite?
False
Is 12203 prime?
True
Is 13283 prime?
False
Is 12839 prime?
False
Is 128657 prime?
True
Is 17087 a prime number?
False
Is 28421 a composite number?
True
Is 5147 a prime number?
True
Is 543203 a prime number?
True
Is 2073111 composite?
True
Is 69061 prime?
True
Is 466261 composite?
False
Is 89854 a prime number?
False
Is 54931 a composite number?
True
Is 15829 a prime number?
False
Is 2671 composite?
False
Is 136423 a composite number?
True
Is 168323 a prime number?
True
Is 236287 a composite number?
False
Is 105349 prime?
False
Is 1220059 a prime number?
False
Is 60185 a composite number?
True
Is 29981 prime?
False
Is 253973 a composite number?
True
Is 359981 prime?
True
Is 3817 a prime number?
False
Is 133963 prime?
True
Is 580521 a prime number?
False
Is 322849 composite?
False
Is 181721 a composite number?
False
Is 1558973 prime?
False
Is 35018 prime?
False
Is 307205 a prime number?
False
Is 369659 composite?
False
Is 2453 a prime number?
False
Is 7067 composite?
True
Is 43211 composite?
True
Is 158791 a prime number?
True
Is 5627 a composite number?
True
Is 24733 composite?
False
Is 93281 a composite number?
False
Is 33679 a composite number?
False
Is 22333 prime?
False
Is 333087 prime?
False
Is 68351 a prime number?
True
Is 407567 prime?
True
Is 3647 a prime number?
False
Is 2333 prime?
True
Is 782921 prime?
True
Is 469267 a prime number?
True
Is 148441 composite?
True
Is 380615 composite?
True
Is 167099 composite?
False
Is 923323 a prime number?
False
Is 56177 a composite number?
True
Is 671817 a composite number?
True
Is 156673 prime?
False
Is 10405 composite?
True
Is 8353 composite?
False
Is 66337 a composite number?
False
Is 21341 a prime number?
True
Is 759761 prime?
False
Is 65789 a prime number?
True
Is 42821 prime?
True
Is 320402 a prime number?
False
Is 86253 prime?
False
Is 1797819 prime?
False
Is 44111 a prime number?
True
Is 44011 a prime number?
False
Is 18839 a prime number?
True
Is 738173 a composite number?
False
Is 3791 a prime number?
False
Is 58 a prime number?
False
Is 14341 composite?
False
Is 119582 a composite number?
True
Is 20627 a prime number?
True
Is 12077 composite?
True
Is 1518061 prime?
True
Is 1573519 composite?
True
Is 14683 a composite number?
False
Is 652523 prime?
False
Is 238321 a prime number?
True
Is 28789 composite?
False
Is 24317 a prime number?
True
Is 952057 prime?
True
Is 6823 composite?
False
Is 22409 composite?
False
Is 279311 a composite number?
False
Is 964967 a prime number?
True
Is 86627 composite?
False
Is 41649 a prime number?
False
Is 1264301 a prime number?
True
Is 139687 prime?
False
Is 2053 prime?
True
Is 10573 prime?
False
Is 55147 a composite number?
False
Is 34667 prime?
True
Is 1776011 composite?
False
Is 1973 a composite number?
False
Is 170921 a composite number?
False
Is 1096451 composite?
False
Is 39959 prime?
False
Is 3921 prime?
False
Is 360263 prime?
False
Is 187159 composite?
True
Is 57711 prime?
False
Is 47459 prime?
True
Is 11677 prime?
True
Is 21559 composite?
False
Is 30757 a prime number?
True
Is 1270985 a prime number?
False
Is 617509 prime?
True
Is 94687 a composite number?
False
Is 122651 composite?
False
Is 40591 prime?
True
Is 30629 composite?
True
Is 38351 composite?
False
Is 64451 a composite number?
False
Is 253651 composite?
False
Is 7601 prime?
False
Is 40577 composite?
False
Is 70865 prime?
False
Is 307 a prime number?
True
Is 50678 a prime number?
False
Is 350411 a prime number?
True
Is 11303 a composite number?
True
Is 26365 prime?
False
Is 13469 composite?
False
Is 26387 prime?
True
Is 98557 prime?
False
Is 70622 a prime number?
False
Is 38501 a composite number?
False
Is 8777 composite?
True
Is 1633849 prime?
False
Is 153305 prime?
False
Is 699617 composite?
False
Is 49342 prime?
False
Is 271303 prime?
False
Is 9637 a composite number?
True
Is 2609 a prime number?
True
Is 102891 a composite number?
True
Is 34483 a composite number?
False
Is 6127 prime?
False
Is 801833 composite?
False
Is 17657 composite?
False
Is 93131 composite?
False
Is 258409 a composite number?
True
Is 39971 a composite number?
False
Is 2389 prime?
True
Is 5779 a composite number?
False
Is 1377571 composite?
True
Is 7067 composite?
True
Is 2333 a prime number?
True
Is 8899 composite?
True
Is 631 a prime number?
True
Is 915947 prime?
True
Is 221281 a prime number?
True
Is 504671 prime?
True
Is 260917 prime?
False
Is 183191 a composite number?
False
Is 10259 prime?
True
Is 356339 a prime number?
False
Is 1618 composite?
True
Is 5314 prime?
False
Is 17087 a composite number?
True
Is 314651 a composite number?
False
Is 1499405 composite?
True
Is 8191 a composite number?
Fa